{"id":1236,"date":"2017-09-28T22:07:21","date_gmt":"2017-09-28T22:07:21","guid":{"rendered":"https:\/\/praelskincare.com\/produkt\/solash-eyelash-conditioner\/"},"modified":"2018-03-12T13:05:20","modified_gmt":"2018-03-12T13:05:20","slug":"solash-eyelash-conditioner","status":"publish","type":"product","link":"https:\/\/praelskincare.com\/de\/shop\/solash-eyelash-conditioner\/","title":{"rendered":"SOLASH Eyelash Conditioner"},"content":{"rendered":"<p>Lange und seidig glatte Wimpern, von denen Sie schon immer getr\u00e4umt haben. Das Pflegemittel PRAEL SOLASH verst\u00e4rkt die Haarb\u00e4lge, womit das nat\u00fcrliche Wachstum der Wimper und Augenbrauen stimuliert wird und durch St\u00e4rken der Haarstruktur wird das Ausfallen der Wimpern verhindert. Schon nach zwei Wochen der ersten Anwendung beginnen die Wimpern dichter und st\u00e4rker zu werden und den vollen Effekt werden Sie bereits nach zwei Monaten kontinuierlichen Anwendens beobachten k\u00f6nnen.<\/p>\n","protected":false},"excerpt":{"rendered":"<p>Lange und seidig glatte Wimpern, von denen Sie schon immer getr\u00e4umt haben. Das Pflegemittel PRAEL SOLASH verst\u00e4rkt die Haarb\u00e4lge, womit das nat\u00fcrliche Wachstum der Wimper und Augenbrauen stimuliert wird und durch St\u00e4rken der Haarstruktur wird das Ausfallen der Wimpern verhindert. Schon nach zwei Wochen der ersten Anwendung beginnen die Wimpern dichter und st\u00e4rker zu werden [&hellip;]<\/p>\n","protected":false},"featured_media":1289,"template":"","meta":{"inline_featured_image":false},"product_brand":[],"product_cat":[121],"product_tag":[122],"class_list":{"0":"post-1236","1":"product","2":"type-product","3":"status-publish","4":"has-post-thumbnail","6":"product_cat-augenwimperpflege","7":"product_tag-biotinoyl-tripeptide-1-de","9":"first","10":"outofstock","11":"taxable","12":"shipping-taxable","13":"purchasable","14":"product-type-simple"},"yoast_head":"<!-- This site is optimized with the Yoast SEO plugin v25.4 - https:\/\/yoast.com\/wordpress\/plugins\/seo\/ -->\n<title>SOLASH Eyelash Conditioner - Prael<\/title>\n<meta name=\"robots\" content=\"index, follow, max-snippet:-1, max-image-preview:large, max-video-preview:-1\" \/>\n<link rel=\"canonical\" href=\"https:\/\/praelskincare.com\/de\/shop\/solash-eyelash-conditioner\/\" \/>\n<meta property=\"og:locale\" content=\"de_DE\" \/>\n<meta property=\"og:type\" content=\"article\" \/>\n<meta property=\"og:title\" content=\"SOLASH Eyelash Conditioner - Prael\" \/>\n<meta property=\"og:description\" content=\"Lange und seidig glatte Wimpern, von denen Sie schon immer getr\u00e4umt haben. Das Pflegemittel PRAEL SOLASH verst\u00e4rkt die Haarb\u00e4lge, womit das nat\u00fcrliche Wachstum der Wimper und Augenbrauen stimuliert wird und durch St\u00e4rken der Haarstruktur wird das Ausfallen der Wimpern verhindert. Schon nach zwei Wochen der ersten Anwendung beginnen die Wimpern dichter und st\u00e4rker zu werden [&hellip;]\" \/>\n<meta property=\"og:url\" content=\"https:\/\/praelskincare.com\/de\/shop\/solash-eyelash-conditioner\/\" \/>\n<meta property=\"og:site_name\" content=\"Prael\" \/>\n<meta property=\"article:modified_time\" content=\"2018-03-12T13:05:20+00:00\" \/>\n<meta property=\"og:image\" content=\"https:\/\/praelskincare.com\/wp-content\/uploads\/2017\/11\/prael-solash-front.png\" \/>\n\t<meta property=\"og:image:width\" content=\"1280\" \/>\n\t<meta property=\"og:image:height\" content=\"1280\" \/>\n\t<meta property=\"og:image:type\" content=\"image\/png\" \/>\n<meta name=\"twitter:card\" content=\"summary_large_image\" \/>\n<script type=\"application\/ld+json\" class=\"yoast-schema-graph\">{\"@context\":\"https:\/\/schema.org\",\"@graph\":[{\"@type\":\"WebPage\",\"@id\":\"https:\/\/praelskincare.com\/de\/shop\/solash-eyelash-conditioner\/\",\"url\":\"https:\/\/praelskincare.com\/de\/shop\/solash-eyelash-conditioner\/\",\"name\":\"SOLASH Eyelash Conditioner - Prael\",\"isPartOf\":{\"@id\":\"https:\/\/praelskincare.com\/#website\"},\"primaryImageOfPage\":{\"@id\":\"https:\/\/praelskincare.com\/de\/shop\/solash-eyelash-conditioner\/#primaryimage\"},\"image\":{\"@id\":\"https:\/\/praelskincare.com\/de\/shop\/solash-eyelash-conditioner\/#primaryimage\"},\"thumbnailUrl\":\"https:\/\/praelskincare.com\/wp-content\/uploads\/2017\/11\/prael-solash-front.png\",\"datePublished\":\"2017-09-28T22:07:21+00:00\",\"dateModified\":\"2018-03-12T13:05:20+00:00\",\"breadcrumb\":{\"@id\":\"https:\/\/praelskincare.com\/de\/shop\/solash-eyelash-conditioner\/#breadcrumb\"},\"inLanguage\":\"de\",\"potentialAction\":[{\"@type\":\"ReadAction\",\"target\":[\"https:\/\/praelskincare.com\/de\/shop\/solash-eyelash-conditioner\/\"]}]},{\"@type\":\"ImageObject\",\"inLanguage\":\"de\",\"@id\":\"https:\/\/praelskincare.com\/de\/shop\/solash-eyelash-conditioner\/#primaryimage\",\"url\":\"https:\/\/praelskincare.com\/wp-content\/uploads\/2017\/11\/prael-solash-front.png\",\"contentUrl\":\"https:\/\/praelskincare.com\/wp-content\/uploads\/2017\/11\/prael-solash-front.png\",\"width\":1280,\"height\":1280},{\"@type\":\"BreadcrumbList\",\"@id\":\"https:\/\/praelskincare.com\/de\/shop\/solash-eyelash-conditioner\/#breadcrumb\",\"itemListElement\":[{\"@type\":\"ListItem\",\"position\":1,\"name\":\"Home\",\"item\":\"https:\/\/praelskincare.com\/de\/\"},{\"@type\":\"ListItem\",\"position\":2,\"name\":\"Prael cosmetics\",\"item\":\"https:\/\/praelskincare.com\/shop\/\"},{\"@type\":\"ListItem\",\"position\":3,\"name\":\"SOLASH Eyelash Conditioner\"}]},{\"@type\":\"WebSite\",\"@id\":\"https:\/\/praelskincare.com\/#website\",\"url\":\"https:\/\/praelskincare.com\/\",\"name\":\"Prael\",\"description\":\"Luxury Collagen Skincare\",\"publisher\":{\"@id\":\"https:\/\/praelskincare.com\/#organization\"},\"potentialAction\":[{\"@type\":\"SearchAction\",\"target\":{\"@type\":\"EntryPoint\",\"urlTemplate\":\"https:\/\/praelskincare.com\/?s={search_term_string}\"},\"query-input\":{\"@type\":\"PropertyValueSpecification\",\"valueRequired\":true,\"valueName\":\"search_term_string\"}}],\"inLanguage\":\"de\"},{\"@type\":\"Organization\",\"@id\":\"https:\/\/praelskincare.com\/#organization\",\"name\":\"PRAEL\",\"url\":\"https:\/\/praelskincare.com\/\",\"logo\":{\"@type\":\"ImageObject\",\"inLanguage\":\"de\",\"@id\":\"https:\/\/praelskincare.com\/#\/schema\/logo\/image\/\",\"url\":\"https:\/\/praelskincare.com\/wp-content\/uploads\/2017\/05\/logo_prael.png\",\"contentUrl\":\"https:\/\/praelskincare.com\/wp-content\/uploads\/2017\/05\/logo_prael.png\",\"width\":88,\"height\":58,\"caption\":\"PRAEL\"},\"image\":{\"@id\":\"https:\/\/praelskincare.com\/#\/schema\/logo\/image\/\"}}]}<\/script>\n<!-- \/ Yoast SEO plugin. -->","yoast_head_json":{"title":"SOLASH Eyelash Conditioner - Prael","robots":{"index":"index","follow":"follow","max-snippet":"max-snippet:-1","max-image-preview":"max-image-preview:large","max-video-preview":"max-video-preview:-1"},"canonical":"https:\/\/praelskincare.com\/de\/shop\/solash-eyelash-conditioner\/","og_locale":"de_DE","og_type":"article","og_title":"SOLASH Eyelash Conditioner - Prael","og_description":"Lange und seidig glatte Wimpern, von denen Sie schon immer getr\u00e4umt haben. Das Pflegemittel PRAEL SOLASH verst\u00e4rkt die Haarb\u00e4lge, womit das nat\u00fcrliche Wachstum der Wimper und Augenbrauen stimuliert wird und durch St\u00e4rken der Haarstruktur wird das Ausfallen der Wimpern verhindert. Schon nach zwei Wochen der ersten Anwendung beginnen die Wimpern dichter und st\u00e4rker zu werden [&hellip;]","og_url":"https:\/\/praelskincare.com\/de\/shop\/solash-eyelash-conditioner\/","og_site_name":"Prael","article_modified_time":"2018-03-12T13:05:20+00:00","og_image":[{"width":1280,"height":1280,"url":"https:\/\/praelskincare.com\/wp-content\/uploads\/2017\/11\/prael-solash-front.png","type":"image\/png"}],"twitter_card":"summary_large_image","schema":{"@context":"https:\/\/schema.org","@graph":[{"@type":"WebPage","@id":"https:\/\/praelskincare.com\/de\/shop\/solash-eyelash-conditioner\/","url":"https:\/\/praelskincare.com\/de\/shop\/solash-eyelash-conditioner\/","name":"SOLASH Eyelash Conditioner - Prael","isPartOf":{"@id":"https:\/\/praelskincare.com\/#website"},"primaryImageOfPage":{"@id":"https:\/\/praelskincare.com\/de\/shop\/solash-eyelash-conditioner\/#primaryimage"},"image":{"@id":"https:\/\/praelskincare.com\/de\/shop\/solash-eyelash-conditioner\/#primaryimage"},"thumbnailUrl":"https:\/\/praelskincare.com\/wp-content\/uploads\/2017\/11\/prael-solash-front.png","datePublished":"2017-09-28T22:07:21+00:00","dateModified":"2018-03-12T13:05:20+00:00","breadcrumb":{"@id":"https:\/\/praelskincare.com\/de\/shop\/solash-eyelash-conditioner\/#breadcrumb"},"inLanguage":"de","potentialAction":[{"@type":"ReadAction","target":["https:\/\/praelskincare.com\/de\/shop\/solash-eyelash-conditioner\/"]}]},{"@type":"ImageObject","inLanguage":"de","@id":"https:\/\/praelskincare.com\/de\/shop\/solash-eyelash-conditioner\/#primaryimage","url":"https:\/\/praelskincare.com\/wp-content\/uploads\/2017\/11\/prael-solash-front.png","contentUrl":"https:\/\/praelskincare.com\/wp-content\/uploads\/2017\/11\/prael-solash-front.png","width":1280,"height":1280},{"@type":"BreadcrumbList","@id":"https:\/\/praelskincare.com\/de\/shop\/solash-eyelash-conditioner\/#breadcrumb","itemListElement":[{"@type":"ListItem","position":1,"name":"Home","item":"https:\/\/praelskincare.com\/de\/"},{"@type":"ListItem","position":2,"name":"Prael cosmetics","item":"https:\/\/praelskincare.com\/shop\/"},{"@type":"ListItem","position":3,"name":"SOLASH Eyelash Conditioner"}]},{"@type":"WebSite","@id":"https:\/\/praelskincare.com\/#website","url":"https:\/\/praelskincare.com\/","name":"Prael","description":"Luxury Collagen Skincare","publisher":{"@id":"https:\/\/praelskincare.com\/#organization"},"potentialAction":[{"@type":"SearchAction","target":{"@type":"EntryPoint","urlTemplate":"https:\/\/praelskincare.com\/?s={search_term_string}"},"query-input":{"@type":"PropertyValueSpecification","valueRequired":true,"valueName":"search_term_string"}}],"inLanguage":"de"},{"@type":"Organization","@id":"https:\/\/praelskincare.com\/#organization","name":"PRAEL","url":"https:\/\/praelskincare.com\/","logo":{"@type":"ImageObject","inLanguage":"de","@id":"https:\/\/praelskincare.com\/#\/schema\/logo\/image\/","url":"https:\/\/praelskincare.com\/wp-content\/uploads\/2017\/05\/logo_prael.png","contentUrl":"https:\/\/praelskincare.com\/wp-content\/uploads\/2017\/05\/logo_prael.png","width":88,"height":58,"caption":"PRAEL"},"image":{"@id":"https:\/\/praelskincare.com\/#\/schema\/logo\/image\/"}}]}},"_links":{"self":[{"href":"https:\/\/praelskincare.com\/de\/wp-json\/wp\/v2\/product\/1236\/"}],"collection":[{"href":"https:\/\/praelskincare.com\/de\/wp-json\/wp\/v2\/product\/"}],"about":[{"href":"https:\/\/praelskincare.com\/de\/wp-json\/wp\/v2\/types\/product\/"}],"wp:featuredmedia":[{"embeddable":true,"href":"https:\/\/praelskincare.com\/de\/wp-json\/wp\/v2\/media\/1289\/"}],"wp:attachment":[{"href":"https:\/\/praelskincare.com\/de\/wp-json\/wp\/v2\/media\/?parent=1236"}],"wp:term":[{"taxonomy":"product_brand","embeddable":true,"href":"https:\/\/praelskincare.com\/de\/wp-json\/wp\/v2\/product_brand\/?post=1236"},{"taxonomy":"product_cat","embeddable":true,"href":"https:\/\/praelskincare.com\/de\/wp-json\/wp\/v2\/product_cat\/?post=1236"},{"taxonomy":"product_tag","embeddable":true,"href":"https:\/\/praelskincare.com\/de\/wp-json\/wp\/v2\/product_tag\/?post=1236"}],"curies":[{"name":"wp","href":"https:\/\/api.w.org\/{rel}","templated":true}]}}

<p>Lange und seidig glatte Wimpern, von denen Sie schon immer geträumt haben. Das Pflegemittel PRAEL SOLASH verstärkt die Haarbälge, womit das natürliche Wachstum der Wimper und Augenbrauen stimuliert wird und durch Stärken der Haarstruktur wird das Ausfallen der Wimpern verhindert. Schon nach zwei Wochen der ersten Anwendung beginnen die Wimpern dichter und stärker zu werden und den vollen Effekt werden Sie bereits nach zwei Monaten kontinuierlichen Anwendens beobachten können.</p>

<p>Lange und seidig glatte Wimpern, von denen Sie schon immer geträumt haben. Das Pflegemittel PRAEL SOLASH verstärkt die Haarbälge, womit das natürliche Wachstum der Wimper und Augenbrauen stimuliert wird und durch Stärken der Haarstruktur wird das Ausfallen der Wimpern verhindert. Schon nach zwei Wochen der ersten Anwendung beginnen die Wimpern dichter und stärker zu werden [&hellip;]</p>

<!-- This site is optimized with the Yoast SEO plugin v25.4 - https://yoast.com/wordpress/plugins/seo/ -->
<title>SOLASH Eyelash Conditioner - Prael</title>
<meta name="robots" content="index, follow, max-snippet:-1, max-image-preview:large, max-video-preview:-1" />
<link rel="canonical" href="https://praelskincare.com/de/shop/solash-eyelash-conditioner/" />
<meta property="og:locale" content="de_DE" />
<meta property="og:type" content="article" />
<meta property="og:title" content="SOLASH Eyelash Conditioner - Prael" />
<meta property="og:description" content="Lange und seidig glatte Wimpern, von denen Sie schon immer geträumt haben. Das Pflegemittel PRAEL SOLASH verstärkt die Haarbälge, womit das natürliche Wachstum der Wimper und Augenbrauen stimuliert wird und durch Stärken der Haarstruktur wird das Ausfallen der Wimpern verhindert. Schon nach zwei Wochen der ersten Anwendung beginnen die Wimpern dichter und stärker zu werden [&hellip;]" />
<meta property="og:url" content="https://praelskincare.com/de/shop/solash-eyelash-conditioner/" />
<meta property="og:site_name" content="Prael" />
<meta property="article:modified_time" content="2018-03-12T13:05:20+00:00" />
<meta property="og:image" content="https://praelskincare.com/wp-content/uploads/2017/11/prael-solash-front.png" />
	<meta property="og:image:width" content="1280" />
	<meta property="og:image:height" content="1280" />
	<meta property="og:image:type" content="image/png" />
<meta name="twitter:card" content="summary_large_image" />
<script type="application/ld+json" class="yoast-schema-graph">{"@context":"https://schema.org","@graph":[{"@type":"WebPage","@id":"https://praelskincare.com/de/shop/solash-eyelash-conditioner/","url":"https://praelskincare.com/de/shop/solash-eyelash-conditioner/","name":"SOLASH Eyelash Conditioner - Prael","isPartOf":{"@id":"https://praelskincare.com/#website"},"primaryImageOfPage":{"@id":"https://praelskincare.com/de/shop/solash-eyelash-conditioner/#primaryimage"},"image":{"@id":"https://praelskincare.com/de/shop/solash-eyelash-conditioner/#primaryimage"},"thumbnailUrl":"https://praelskincare.com/wp-content/uploads/2017/11/prael-solash-front.png","datePublished":"2017-09-28T22:07:21+00:00","dateModified":"2018-03-12T13:05:20+00:00","breadcrumb":{"@id":"https://praelskincare.com/de/shop/solash-eyelash-conditioner/#breadcrumb"},"inLanguage":"de","potentialAction":[{"@type":"ReadAction","target":["https://praelskincare.com/de/shop/solash-eyelash-conditioner/"]}]},{"@type":"ImageObject","inLanguage":"de","@id":"https://praelskincare.com/de/shop/solash-eyelash-conditioner/#primaryimage","url":"https://praelskincare.com/wp-content/uploads/2017/11/prael-solash-front.png","contentUrl":"https://praelskincare.com/wp-content/uploads/2017/11/prael-solash-front.png","width":1280,"height":1280},{"@type":"BreadcrumbList","@id":"https://praelskincare.com/de/shop/solash-eyelash-conditioner/#breadcrumb","itemListElement":[{"@type":"ListItem","position":1,"name":"Home","item":"https://praelskincare.com/de/"},{"@type":"ListItem","position":2,"name":"Prael cosmetics","item":"https://praelskincare.com/shop/"},{"@type":"ListItem","position":3,"name":"SOLASH Eyelash Conditioner"}]},{"@type":"WebSite","@id":"https://praelskincare.com/#website","url":"https://praelskincare.com/","name":"Prael","description":"Luxury Collagen Skincare","publisher":{"@id":"https://praelskincare.com/#organization"},"potentialAction":[{"@type":"SearchAction","target":{"@type":"EntryPoint","urlTemplate":"https://praelskincare.com/?s={search_term_string}"},"query-input":{"@type":"PropertyValueSpecification","valueRequired":true,"valueName":"search_term_string"}}],"inLanguage":"de"},{"@type":"Organization","@id":"https://praelskincare.com/#organization","name":"PRAEL","url":"https://praelskincare.com/","logo":{"@type":"ImageObject","inLanguage":"de","@id":"https://praelskincare.com/#/schema/logo/image/","url":"https://praelskincare.com/wp-content/uploads/2017/05/logo_prael.png","contentUrl":"https://praelskincare.com/wp-content/uploads/2017/05/logo_prael.png","width":88,"height":58,"caption":"PRAEL"},"image":{"@id":"https://praelskincare.com/#/schema/logo/image/"}}]}</script>
<!-- / Yoast SEO plugin. -->

Lange und seidig glatte Wimpern, von denen Sie schon immer geträumt haben. Das Pflegemittel PRAEL SOLASH verstärkt die Haarbälge, womit das natürliche Wachstum der Wimper und Augenbrauen stimuliert wird und durch Stärken der Haarstruktur wird das Ausfallen der Wimpern verhindert. Schon nach zwei Wochen der ersten Anwendung beginnen die Wimpern dichter und stärker zu werden [&hellip;]
